t is the hundreds digit of m?
2
Let j = 203 - 124. Let p = j - 76. Suppose -4*o + 166 = -p*o. What is the units digit of o?
6
Suppose 74*t - 76*t = -2672. Let s = 2373 - t. What is the tens digit of s?
3
Suppose m + 16097 - 77988 = r, m - 3*r - 61899 = 0. What is the thousands digit of m?
1
Let c(k) = -k**3 + 5*k**2 - 4*k - 12. Let q be -3 + ((-6)/(-9))/((-2)/(-27)). Let x be c(q). What is the units digit of (16/(-4))/4 - x?
1
Let g(d) = 10*d**3 + 15*d**2 - 31*d - 16. Let l(h) = 2*h**3 - h - 1. Let s(r) = -g(r) + 6*l(r). What is the hundreds digit of s(9)?
4
Suppose -2*s - 5*r = 174, 2*r - 287 = 3*s + 3*r. Let h(y) = 21*y + 1265. Let a be h(-58). Let o = a - s. What is the hundreds digit of o?
1
Suppose -2 = -2*p, 7665 = 5*j - 2*j + 3*p. Suppose 0 = 5*v + 2*a - j, 0 = 4*v - 3*a - 2029 - 5. What is the tens digit of v?
1
Let f = -13 - 11. Let p = f + 26. Suppose 5*i = -p*y + 38, 7*y = 2*y + i + 95. What is the units digit of y?
9
Let n(t) = 1577*t**2 - 9*t - 20. Let q be n(-3). Suppose 0 = -3*d + 13*d - q. What is the tens digit of d?
2
Suppose -1302 = 7*h + 1771. Let p = h + 293. Let l = p + 300. What is the tens digit of l?
5
Let s be (-11)/(-1) + (2 - 3). Let a(r) = r**3 + 19*r**2 - 18*r + 47. Let b be a(-20). Suppose -153 = b*w - s*w. What is the tens digit of w?
5
Suppose -4*g = 3*h - 32, 6 = -g - h + 15. Suppose 0 = -5*d + 443 + 1007. Suppose 1145 = g*p + d. What is the hundreds digit of p?
1
Let x(m) be the first derivative of m**4/4 + 13*m**3/3 - m**2 - 21*m + 7. Let z be x(-13). What is the units digit of (28/z - 1) + 2/5?
5
Let j = -119007 + 196286. What is the ten thousands digit of j?
7
Let d = 1127 + 416. What is the tens digit of d?
4
Let n = 44289 + -22222. What is the hundreds digit of n?
0
Suppose -11*v + 14*v = -1047. Let g = 563 + v. What is the units digit of g?
4
Suppose -3*b = 4*m - 28, -2*b + 0*m = -2*m. Suppose 479 = 4*w - 5*p, -b*w = -0*p + 5*p - 529. What is the hundreds digit of w?
1
Let t(q) = 2*q**2 - 82*q - 82. Let a be t(42). Suppose 13 = -g + 5*y - y, -2*g = -2*y + a. What is the units digit of g?
3
Let r(l) = -l**2 - 13*l + 223. What is the tens digit of r(-16)?
7
What is the units digit of 16830/120*1080/9?
0
Suppose 39*j = 46*j - 20503. Suppose -5*c + y + 7314 = 0, 5*c - 3*c = -3*y + j. What is the units digit of c?
3
Let x(o) = 243*o + 130. Let v be x(5). Suppose -4*l + 5290 = -2*c, -7*c + 2*c = -l + v. What is the units digit of l?
0
Let u = -4035 + 16684. What is the hundreds digit of u?
6
Let k = 8939 - 4693. Suppose k = 3*x - 5*v, 2*x - 5*v = 4*x - 2814. What is the thousands digit of x?
1
Suppose -t - 14 = -15. What is the units digit of 114 - -18 - (4/2 + t)?
9
Let b = 285 + -281. Suppose b*i - 376 = -c + 39, -2*i = -5*c + 2185. What is the hundreds digit of c?
4
Let i(f) = 3*f**2 + 18*f - 9. Let d(a) = -2*a - 2. Suppose -2*x + 7 = w, 0 = 5*w + 3*x - 16 - 5. Let u be d(w). What is the tens digit of i(u)?
3
Let w(y) = -4*y**3 - 3*y**2 - 5*y - 4. Suppose -2*j + 0*z - 102 = 2*z, -2*z - 249 = 5*j. Let p = j + 47. What is the tens digit of w(p)?
2
Let z(w) = w**3 - 4*w**2 - 8*w - 3. Let g be z(5). Let l(y) = y**2 + 18*y + 12. Let c be l(g). Let m = c + 9. What is the units digit of m?
1
Let f be (6/(-4))/((-54)/2952). Let v = f + -82. Suppose -2*q + 4*z - 84 + 322 = 0, v = 2*q + 4*z - 238. What is the tens digit of q?
1
Let l(m) = 1052*m + 797. What is the thousands digit of l(11)?
2
Let o = -34675 + 74550. What is the ten thousands digit of o?
3
Let s(k) = -k**2 - 20*k + 3624. What is the units digit of s(0)?
4
Suppose 0 = -q + 17*q. Suppose 3*k - 4*o = 1176, q*k = -4*k + 2*o + 1578. What is the units digit of k?
6
Let y be ((-1536)/18)/((-4)/6). Let x = 253 - y. Let b = x - 48. What is the units digit of b?
7
Suppose 1 = -2*o - 5*j, j = 4*o + 5*j - 4. What is the units digit of o/4*(5 + 595)/6?
0
Let k be (-2)/3 + (-140)/(-12). Suppose -13 - k = -8*s. What is the tens digit of (s*25/(-30))/(2/(-12))?
1
Suppose 25*t = 15*t + 50360. What is the tens digit of 98/(-28)*t/(-14)?
5
Let g = 588 + -224. What is the tens digit of g/5 + (-45)/(-225)?
7
Let z(l) = -3*l - 11. Let t be z(-6). Suppose -3*x = -2 - t, 417 = -3*o + 2*x. Let q = o + 362. What is the units digit of q?
5
Suppose 3*u - 5*u - 10 = 2*a, 0 = 4*a + 2*u + 12. What is the hundreds digit of a/((3/1110)/(-1)) + 2?
3
Suppose 5*n - 4*i - 134671 = 0, -27*i - 107728 = -4*n - 26*i. What is the units digit of n?
1
Let w = 277 - -145. What is the hundreds digit of w?
4
Let t(d) = -80 + 23*d**2 - 10*d + 23*d**3 - 47*d**3 + 14*d**2 + 23*d**3. What is the units digit of t(36)?
6
Let o(m) = -3*m**3 - 16*m**2 - 31*m - 187. What is the units digit of o(-12)?
5
Suppose 0*d = -52*d + 314808. What is the tens digit of d?
5
Let i = 65925 + -33045. What is the thousands digit of i?
2
Let z be (-12 + 1)*((5 - 3) + -3). Suppose 2*w - 19 + z = 0. What is the tens digit of (-1)/w - (-2427)/12?
0
Suppose 8*n + 33 = 19*n. Suppose -n*f + 237 = -513. What is the units digit of f?
0
Suppose 2*b + 0*b + 380 = -2*k, 2*k - 4*b + 380 = 0. Let v = k + 660. What is the units digit of v?
0
Let a(s) = 11*s**2 - 13. Suppose 7*r = 9*r - 4. Suppose r*c + 5 = -5*b + 6*b, -13 = -5*b - 2*c. What is the units digit of a(b)?
6
Suppose 4 - 70 = 11*u. Let x(c) = -104*c + 120. What is the units digit of x(u)?
4
Suppose -4*i + 16604 + 6000 = 4*j, 3*i = 3*j + 16977. What is the units digit of i?
5
Let a(x) = 11*x + 3. Let v be a(5). Let n(q) = q**2 + 11*q + 5. Let w be n(-11). What is the units digit of (v/w)/((-6)/(-30))?
8
Let j(p) = -6*p + 15. Let o(g) = g + 1. Let l(u) = 2*j(u) + 2*o(u). What is the units digit of l(-28)?
2
Suppose 112*p - 4518120 = -23*p - 49*p. What is the thousands digit of p?
4
What is the ten thousands digit of (2/(-2) - 165)*((-2874)/(-4))/(-3)?
3
What is the thousands digit of (-8743 - 520)*(-10 + (1 - 0))?
3
Let k(a) = 7*a**2 + 29*a - 122. Suppose -8*i + m + 21 = -4*i, -4*m - 4 = 0. What is the hundreds digit of k(i)?
1
Let x(v) = -v**3 + 3*v**2 + 2*v - 1. Let f be x(3). Suppose -f*j = 5, -217 = -4*h + 4*j + 223. What is the tens digit of h?
0
Let n = 3 - -1. Suppose 0*x + 2*x + 4*k = -8, -n = 2*x + 3*k. Suppose 4*p - 322 = -5*d, x*d - 6*p = -p + 233. What is the units digit of d?
2
Let l = -17478 + 33741. What is the hundreds digit of l?
2
Let a(x) be the first derivative of 4/3*x**3 + x**2 - 32 + 7*x. What is the hundreds digit of a(-6)?
1
Let p(i) = 19*i**2 - 35*i + 123. Let n be p(23). Suppose -4*k = 23*k - n. What is the units digit of k?
7
Let n(b) = 283*b**2 + 208*b + 4. What is the thousands digit of n(4)?
5
Suppose 12 = 2*a + 2*a + 3*t, 3*a - 9 = t. Suppose 206 = a*m + 2*k, 0*m - 3*m = -2*k - 202. Suppose w - m = 8. What is the tens digit of w?
7
Let i(l) = l**3 + 7*l**2 + 3*l + 10. Let z be i(-6). Suppose 15*u = z*u - 8697. What is the units digit of u?
9
Let s(o) = o**2 + 48*o - 69. Suppose -12*j + 299 - 935 = 0. What is the hundreds digit of s(j)?
1
Let c(z) = -4*z**3 + 7*z**2 - z + 165. What is the ten thousands digit of c(-14)?
1
Let g(s) = -s**3 + 6*s**2 - 6*s + 28. Let l be g(-9). Suppose 17*d - l - 658 = 0. What is the hundreds digit of d?
1
Suppose 11*i - 113250 = -3261. What is the units digit of i?
9
Suppose -35 = 13*o - 100. Suppose 4*l + 5*x - 8*x = 3403, -4*l + o*x = -3405. What is the units digit of l?
0
Let w(b) = -99*b**3 + 76*b**2 + b + 28. What is the units digit of w(-8)?
2
Let q(y) be the third derivative of -y**6/12 - y**5/30 - 13*y**4/24 - y**3/3 - 166*y**2. What is the hundreds digit of q(-4)?
6
What is the hundreds digit of (-206908)/(-28) + 87/203?
3
Let q(c) = c**2 - 4*c + 8. Let x(y) = y - 1. Let j(m) = q(m) + 5*x(m). Let n be j(-4). Suppose 4*p + n - 27 = 0. What is the units digit of p?
3
Let g be (-2 + -3)*143/(-65). Let i(c) = -c**3 + 14*c**2 + 18*c + 3. What is the tens digit of i(g)?
6
Suppose 0 = 5*j - 1404 + 299. Suppose -761 = -4*w - j. Suppose -2*o + w = -33. What is the units digit of o?
4
Let g(f) = 8 + 8 - 3 - 2*f + 3. Let q be g(5). Suppose -131 = -7*b + q*b. What is the units digit of b?
1
Let s = -11636 + 25275. What is the tens digit of s?
3
Suppose -10*r + 105 = -3*r. Suppose r = -2*g - 3*s - 14, s = -5*g - 40. Let k = 42 - g. What is the tens digit of k?
4
Let k = 7 - 1. Suppose -2*v = k, 2*l + v + 9 = -4*v. S